f 839?
True
Does 33 divide 244365?
True
Is 33744 a multiple of 228?
True
Does 61 divide 311039?
True
Is 64 a factor of 57053?
False
Is 43776 a multiple of 8?
True
Does 9 divide 570372?
False
Is 74 a factor of 228398?
False
Does 16 divide 1907873?
False
Is 27 a factor of 221532?
False
Is 156855 a multiple of 14?
False
Is 407877 a multiple of 79?
True
Is 239117 a multiple of 491?
True
Is 186742 a multiple of 360?
False
Is 49807 a multiple of 7?
False
Is 47 a factor of 2122946?
False
Is 349 a factor of 1420428?
False
Does 10 divide 118410?
True
Does 6 divide 32808?
True
Is 1436737 a multiple of 899?
False
Is 1033109 a multiple of 187?
False
Does 5 divide 242180?
True
Does 10 divide 3347642?
False
Does 360 divide 10582560?
True
Is 364198 a multiple of 575?
False
Is 124 a factor of 1991564?
True
Is 1884 a factor of 17581592?
False
Is 134545 a multiple of 72?
False
Does 64 divide 30574?
False
Does 5 divide 5755?
True
Is 3582123 a multiple of 7?
False
Is 21 a factor of 6728253?
True
Does 42 divide 3183008?
False
Does 5 divide 1076?
False
Does 5 divide 110775?
True
Is 252 a factor of 1913436?
True
Is 5 a factor of 81730?
True
Is 12565 a multiple of 4?
False
Is 5165112 a multiple of 12?
True
Is 2031149 a multiple of 414?
False
Does 53 divide 747141?
True
Is 2480832 a multiple of 472?
True
Is 325344 a multiple of 16?
True
Does 287 divide 108773?
True
Is 10 a factor of 135210?
True
Is 44 a factor of 1002452?
True
Does 9 divide 603557?
False
Is 1137504 a multiple of 697?
True
Does 47 divide 705?
True
Is 11110355 a multiple of 1846?
False
Does 24 divide 1630411?
False
Is 11 a factor of 244233?
True
Is 672919 a multiple of 37?
True
Is 635790 a multiple of 30?
True
Is 754124 a multiple of 28?
True
Is 18 a factor of 5214978?
True
Is 68090 a multiple of 22?
True
Does 385 divide 309155?
True
Does 20 divide 6100?
True
Is 116 a factor of 83056?
True
Does 13 divide 101251?
False
Is 5928791 a multiple of 431?
False
Is 677 a factor of 645181?
True
Does 598 divide 260588?
False
Does 4 divide 97634?
False
Is 54 a factor of 87642?
True
Does 42 divide 6444668?
False
Does 5 divide 350175?
True
Is 466131 a multiple of 47?
False
Does 92 divide 7899326?
False
Is 182340 a multiple of 60?
True
Is 6 a factor of 2624426?
False
Does 10 divide 132562?
False
Does 743 divide 57211?
True
Is 12 a factor of 116372?
False
Is 972353 a multiple of 3?
False
Is 24 a factor of 5716512?
True
Is 47875 a multiple of 125?
True
Is 475 a factor of 301373?
False
Is 1567 a factor of 5986227?
False
Does 3 divide 36864?
True
Does 72 divide 12900600?
True
Is 6529 a multiple of 3?
False
Is 11 a factor of 776898?
False
Does 14 divide 436424?
False
Is 4 a factor of 15784?
True
Is 565 a factor of 1019260?
True
Does 155 divide 2952285?
True
Is 39 a factor of 34826498?
False
Is 1544640 a multiple of 320?
True
Does 251 divide 1314160?
False
Is 11 a factor of 388471?
False
Does 16 divide 2607392?
True
Does 33 divide 4052168?
False
Is 1209506 a multiple of 21?
False
Is 24 a factor of 1274064?
True
Is 319449 a multiple of 70?
False
Does 13 divide 6126780?
False
Is 91728 a multiple of 28?
True
Is 125 a factor of 1772756?
False
Is 7 a factor of 435479?
False
Does 11 divide 691713?
True
Is 27 a factor of 10015751?
False
Does 253 divide 2999821?
True
Is 132 a factor of 193248?
True
Is 19 a factor of 469171?
False
Does 41 divide 4041157?
False
Is 171739 a multiple of 18?
False
Does 92 divide 575371?
False
Does 10 divide 14369962?
False
Is 70 a factor of 67960?
False
Does 3 divide 181668?
True
Is 8 a factor of 118088?
True
Is 278 a factor of 1002064?
False
Is 30 a factor of 7801980?
True
Does 782 divide 542708?
True
Is 5 a factor of 379160?
True
Does 6 divide 168737?
False
Does 26 divide 102492?
True
Is 1372708 a multiple of 138?
False
Does 12 divide 31382?
False
Does 24 divide 104352?
True
Is 4 a factor of 490149?
False
Is 102163 a multiple of 12?
False
Does 13 divide 556829?
True
Does 110 divide 65670?
True
Does 3 divide 366991?
False
Does 19 divide 58540?
False
Does 85 divide 7471415?
True
Is 440076 a multiple of 12?
True
Is 434952 a multiple of 28?
True
Is 7588076 a multiple of 1624?
False
Is 808 a factor of 8915472?
True
Does 64 divide 7402688?
True
Is 7 a factor of 409414?
False
Is 1232 a factor of 2351888?
True
Is 1007353 a multiple of 38?
False
Is 265 a factor of 3481835?
True
Does 5 divide 934211?
False
Does 232 divide 4467506?
False
Does 30 divide 93478?
False
Is 8 a factor of 131336?
True
Is 14038686 a multiple of 9?
True
Is 66 a factor of 995371?
False
Is 913 a factor of 3981593?
True
Does 347 divide 1554285?
False
Is 13 a factor of 19864?
True
Does 1229 divide 14027806?
True
Does 67 divide 7011874?
False
Is 529 a factor of 1045578?
False
Does 245 divide 378428?
False
Does 162 divide 46332?
True
Is 247112 a multiple of 17?
True
Is 1048022 a multiple of 53?
True
Is 229 a factor of 877460?
False
Does 88 divide 619520?
True
Is 2 a factor of 8294?
True
Is 7032446 a multiple of 166?
False
Is 31 a factor of 27871?
False
Is 204 a factor of 68390?
False
Does 29 divide 313343?
False
Is 314896 a multiple of 16?
True
Is 37 a factor of 828657?
False
Is 8553877 a multiple of 49?
False
Is 113 a factor of 25169620?
True
Is 358184 a multiple of 554?
False
Is 45 a factor of 6929902?
False
Is 228 a factor of 364800?
True
Is 373776 a multiple of 312?
True
Does 27 divide 1141665?
False
Is 25 a factor of 4038307?
False
Does 169 divide 141186?
False
Is 20 a factor of 20442?
False
Is 743774 a multiple of 437?
True
Is 28 a factor of 69652?
False
Does 36 divide 517443?
False
Is 20 a factor of 1469340?
True
Does 161 divide 109670?
False
Does 24 divide 1178928?
True
Is 120 a factor of 269400?
True
Is 2 a factor of 998823?
False
Does 7 divide 1469125?
True
Is 10 a factor of 24967?
False
Is 416 a factor of 353802?
False
Is 175338 a multiple of 18?
True
Is 14 a factor of 411041?
False
Is 25851252 a multiple of 12?
True
Does 135 divide 999146?
False
Does 129 divide 507099?
True
Is 552002 a multiple of 115?
False
Does 676 divide 2470780?
True
Is 898799 a multiple of 15?
False
Does 116 divide 642872?
True
Is 70167 a multiple of 7?
False
Is 2657240 a multiple of 8?
True
Does 27 divide 175446?
True
Is 32 a factor of 184411?
False
Does 170 divide 386750?
True
Is 32 a factor of 68288?
True
Is 17 a factor of 317957?
False
Is 86 a factor of 2190232?
False
Does 633 divide 367497?
False
Is 18 a factor of 418752?
True
Is 24 a factor of 181069?
False
Is 11 a factor of 2121147?
False
Is 60 a factor of 2474460?
True
Does 203 divide 98777?
False
Is 1625177 a multiple of 423?
False
Is 729048 a multiple of 12?
True
Does 142 divide 38340?
True
Is 1270076 a multiple of 104?
False
Is 19322396 a multiple of 1750?
False
Is 700 a factor of 509621?
False
Does 152 divide 200944?
True
Is 709 a factor of 6071167?
True
Does 110 divide 421442?
False
Does 324 divide 16848?
True
Does 3 divide 11330?
False
Does 27 divide 87858?
True
Is 719910 a multiple of 120?
False
Is 214 a factor of 438486?
True
Is 83671 a multiple of 50?
False
Is 184000 a multiple of 25?
True
Is 276 a factor of 1490952?
True
Is 142 a factor of 19830158?
True
Is 3 a factor of 1293641?
False
Is 303079 a multiple of 15?
False
Does 11 divide 180041?
False
Is 8 a factor of 91736?
True
Is 552 a factor of 73968?
True
Is 250614 a multiple of 126?
True
Is 676 a factor of 377537?
False
Is 23 a factor of 39422?
True
Is 180 a factor of 412200?
True
Does 5 divide 2037573?
False
Is 533544 a multiple of 344?
True
Is 455 a factor of 121036?
False
Is 119 a factor of 17031268?
False
Does 208 divide 191194?
False
Is 24 a factor of 966684?
False
Is 14558 a multiple of 60?
False
Is 9409488 a multiple of 213?
True
Is 486 a factor of 80662?
False
Is 5585 a multiple of 152?
False
Is 14270 a multiple of 10?
True
Is 77 a factor of 752213?
True
Does 329 divide 3315991?
True
Is 2 a factor of 131199?
False
Is 8 a factor of 1507000?
True
Is 1865150 a multiple of 454?
False
Is 35038930 a multiple of 38?
False
Does 48 divide 228768?
True
Does 2334 divide 6259788?
True
Does 14 divide 458262?
True
Does 102 divide 7475580?
True
Does 82 divide 276239?
False
Does 110 divide 156200?
True
Is 141489 a multiple of 9?
True
Does 43 divide 75273?
False
Is 429572 a multiple of 26?
True
Is 451529 a multiple of 13?
True
Is 1005774 a mult